 712. Calculate the remainder when 6694 is divided by r.
193
Let x(c) = -30*c**2 + 6 - 5*c**2 + 3*c - 4 - 2*c**2. Let o be x(-1). Let l = o + 85. What is the remainder when l is divided by 25?
22
Let j(r) = r**2 + 29*r + 60. Let l be j(-30). Let n = -68 + l. What is the remainder when n is divided by 13?
9
Let h(x) = 8*x**2 - 50*x - 414. Calculate the remainder when h(-10) is divided by 22.
6
Let d(v) = v**2 + 97*v - 1959. Calculate the remainder when 1981 is divided by d(-119).
4
Suppose -1851 - 429 = -19*c - 38*c. Suppose -a = -3*a + 30. What is the remainder when 65*(-1)/(a/(-18)) is divided by c?
38
What is the remainder when 588 is divided by 11/(132/24) + 149?
135
Let z = 10 + 5. Suppose 0 = -15*k + 3*k - 1680. What is the remainder when (-7)/(k/1152) - (-2)/5 is divided by z?
13
Let x = -3387 - -3549. Calculate the remainder when 177 is divided by x.
15
Suppose 0 = -4*d + 16, -87 = -0*y - 3*y + 3*d. Calculate the remainder when -145*(2088/(-3960) + (-3)/11) is divided by y.
17
Let q(f) = -141*f - 2010. What is the remainder when 133 is divided by q(-15)?
28
Let l(s) = 3 + 11*s + 6*s - 100*s**2 + 105*s**2 - s**3. Let f = -25 + 39. Calculate the remainder when l(7) is divided by f.
10
Suppose 2*p = -12 + 50. Let i = 5869 - 3311. Suppose -8*r + i = 2126. Calculate the remainder when r is divided by p.
16
Suppose 2*w + 2*b - 86 = 0, 0 = -4*w + b - 3*b + 166. Let z = w - -68. Suppose -130 = -4*m - 18. What is the remainder when z is divided by m?
24
Suppose 44 - 152 = s. Suppose -5*j + 53 = 43. Calculate the remainder when 30 is divided by (s/(-11) - 1) + j/11.
3
Let p(j) = 488*j - 966. What is the remainder when p(3) is divided by 162?
12
Let w(d) = -4*d**3 - 1046*d**2 - 528*d - 1553. Let m = 5 - -1. Let q(g) = 8*g + 2. Calculate the remainder when q(m) is divided by w(-261).
11
Let m = -1977 + 2355. What is the remainder when m is divided by 35?
28
Let a = -5784 + 5790. Let z(c) = 3*c + 35. Calculate the remainder when z(11) is divided by a.
2
Let i(d) = 20*d**3 - 7*d**2 + 7*d. What is the remainder when 318 is divided by i(2)?
26
Suppose -8*w - 16 = -12*w. Suppose 9 = 3*y + c - 11, -3*y - w*c = -26. What is the remainder when 11 is divided by y?
5
Let m(l) = -85 + 5*l - l**2 + 152 - 77 + 12*l - 2*l. Suppose 4*k - 52 = -0. Calculate the remainder when 63 is divided by m(k).
15
Let s(f) = -f**2 - 26*f - 83. Let r be s(-22). Suppose -4*m - 294 + 121 = -r*d, 151 = 4*d + m. Calculate the remainder when d is divided by 36/8 + (-1)/2.
1
Suppose -s + 4896 = -k, -2*s - 4*k + 1605 = -8199. What is the remainder when s is divided by 57?
53
Let o(i) = 11*i**2 + 77*i + 283. Calculate the remainder when o(-4) is divided by 55.
41
Suppose 0 = 3*h + 4*m - 7045, -7041 = -3*h + 18*m - 21*m. What is the remainder when h is divided by 34?
31
Suppose 0 = 34*h - 28*h - 180. Suppose 0 = -4*q + 5*q - h. Calculate the remainder when 208 is divided by q.
28
Let m = 2652 - 2570. Calculate the remainder when 5984 is divided by m.
80
Let j(w) = 19*w**2 + 13*w - 2. Let h be j(-10). Suppose -3*c - 10*c = -h. Let r = c - 118. What is the remainder when 27 is divided by r?
9
Let a = 2 + 3. Let i = 560 + -389. Suppose -4*p = -23*p + i. Calculate the remainder when p is divided by a.
4
Suppose j = -61*x + 62*x - 93, 4*x - j - 384 = 0. Calculate the remainder when 290 is divided by x.
96
Let c(w) = 8*w - 28. Let i be c(4). Suppose 6*n - 5*n - 3*s = 127, 3*n - 361 = i*s. What is the remainder when n is divided by 59?
56
Let j(d) = -d**2 - 2*d**2 - 3*d**2 + 15 + 5*d**2. Let y be j(8). Let n = 61 + y. What is the remainder when 33 is divided by n?
9
Suppose -g - 2*p = -p + 486, -12 = 4*p. Calculate the remainder when 26 is divided by g/(-46) + (-2)/(-4).
4
Let u be (475/5)/5*5. Let c = u + -84. Suppose -4*p = -2*h - 106, 0 = -p + 3*h + 3 + c. What is the remainder when 82 is divided by p?
24
Suppose 5*r + 5*b + 255 = 0, -114 = 2*r + b - 3*b. Let n = r - -105. Calculate the remainder when 147 is divided by n.
45
Let u = 496 + -470. What is the remainder when (-2)/3 - ((-1832)/(-6))/(-2) is divided by u?
22
Let r(w) = -w - 9. Let n be r(-17). Suppose -f + 38 = 2*s, -5*s - n = 12. Suppose 0 = -11*l + f + 42. Calculate the remainder when 78 is divided by l.
6
Calculate the remainder when (-8)/76 - 984852/(-418) is divided by 18.
16
Let v(l) = 12*l**3 - 15*l**2 + 106*l - 9. Calculate the remainder when v(4) is divided by 56.
47
Let w(z) = z**3 - 72*z**2 + 727*z + 29. What is the remainder when w(12) is divided by 30?
23
Suppose 143 = 8*c - 281. Let a = c - 55. Calculate the remainder when 252 is divided by (-2)/a*4 - -47.
48
Let m = 1984 - 1729. What is the remainder when m is divided by 205?
50
Suppose 49*x - 54*x + 5104 = 4*v, 5092 = 5*x + 2*v. Calculate the remainder when x is divided by 507.
2
Let r(f) = f - 11. Let j be r(9). Calculate the remainder when -4*(-114)/24*2 is divided by j/1 - (0 - 15).
12
Calculate the remainder when (-1324)/3*39/(-26) is divided by 10.
2
Let g(q) = -q**3 - 13*q**2 + 30*q + 17. Let v be g(-15). Let p = 57 - v. Suppose -4*b + 154 = 7*b. What is the remainder when p is divided by b?
12
Let p = 122 - 54. Let u(m) = p*m**3 - 12*m**3 + m - 2*m**2 + 0*m**2. Calculate the remainder when u(1) is divided by 19.
17
Let z be -1 - ((5 + -4)*-3 + -4). Suppose z*i = 325 + 239. Suppose 5*l + 4*x - 180 = 0, 5*x = 4*l + 3*x - 118. What is the remainder when i is divided by l?
30
Let c(g) = -g**3 + 81*g**2 + 89*g - 538. Calculate the remainder when c(82) is divided by 36.
0
Suppose -178 = -5*r - g, 4*r + 5*g - 111 = 23. Suppose -149 = -m - 31*m + 299. What is the remainder when r is divided by m?
8
Let q(n) = -63*n - 126. Let g be q(-2). Suppose -l = -z + 40, g = -4*z - 0*z - 2*l + 166. What is the remainder when z is divided by 7?
6
Let b be 264/14 + (3 - (-60)/(-21)). Let m = 23 - b. Suppose m*f + 0*o + 4*o - 24 = 0, 2*o = 0. Calculate the remainder when 23 is divided by f.
5
Suppose -2*v + 14 = -4*f, 7 = 4*v - f - 7. Suppose 6*t = 46 - 4. Suppose -9*c = -8*c - t. Calculate the remainder when c is divided by v.
1
Suppose -2*m - 3*l + 279 = 0, 2*l = 4*m + 4*l - 538. What is the remainder when 785 is divided by m?
125
Let c(x) = x**2 + 2*x - 21. Let q be c(-9). Suppose -5*l - q = -p, 4*p + 98 = 2*l + 266. What is the remainder when p is divided by -14*(-2)/2 + 1?
12
Let s = 150255 + -150206. Calculate the remainder when s is divided by (0 + 15)*2/3.
9
Let p(o) = -3*o - 69. Let n(l) = l. Let r(q) = n(q) - p(q). Suppose s = -4*s - 4*u - 45, -5*u = 3*s + 14. What is the remainder when 81 is divided by r(s)?
13
Suppose z + 4*q - 88 = 0, -z = 3*z + 4*q - 400. Let p be (10 - 1)*(-42)/9. What is the remainder when z is divided by ((-3)/6)/((-1)/p*-1)?
20
Let s be 2356/532 - (3/7 + 0). Suppose 0 = s*a - 4*x - 384, x - 6*x = -3*a + 284. What is the remainder when a is divided by 11?
10
Let k(m) = 2*m**2 + m + 2. Let i be k(-1). Suppose -2*j = 16*h - 17*h - 373, -4*h - 552 = -i*j. What is the remainder when j is divided by 21?
20
Let i(u) = -11*u - 47. Let l be i(-5). Calculate the remainder when 320 is divided by ((-54)/8)/((-2)/l).
23
Suppose -2*g = 4*f + g - 215, -5*f = -4*g - 230. Suppose 207*w = 227*w - 440. What is the remainder when f is divided by w?
6
Suppose 2*m = 2, -c - 986 = -4*c - 2*m. Let r(f) = 1622*f - 1612. Calculate the remainder when c is divided by r(1).
8
Suppose 0 = 5*t - 3*n - 0*n - 172, 2*t = 4*n + 66. Calculate the remainder when 277 is divided by t.
32
Suppose -5*u + 324 - 299 = 0. Let a(l) = -l**3 + 12*l**2 - 6*l + 1. What is the remainder when a(u) is divided by 18?
2
Suppose 49 = 17*y - 2. Let o(w) = 23*w**2 - 2*w + 13. Calculate the remainder when o(y) is divided by 43.
42
Let p(j) = j**3 + 20*j**2 + j + 23. Let k be p(-20). Suppose -k*r = 103 + 77. Let f = r + 78. What is the remainder when 51 is divided by f?
15
Let i(t) = -3*t - 9. Suppose -4*r - 163 = 5*d - 1433, r - 313 = d. Let w = r - 257. What is the remainder when w is divided by i(-7)?
10
Suppose -q - 25 = -92. Suppose 0 = 5*t - 3*t + 80. Let y = t - -63. Calculate the remainder when q is divided by y.
21
Let b(q) = 93*q - 233. Let g = 469 - 459. What is the remainder when b(g) is divided by 70?
67
Suppose -3*g + 3*u = 60, -4*g + 5*u - 22 = 60. Let z = 189 + -105. What is the rem